+ 417. Determine w(26).
-25
Let h(k) = -51*k + 1269. What is h(24)?
45
Let j(m) = 22*m**2 - 243*m + 180. What is j(10)?
-50
Let i(u) = -21*u - 517. What is i(-24)?
-13
Let q(h) = -3*h**2 + 8*h + 23. Determine q(8).
-105
Let h(z) = -129*z - 1171. Calculate h(-9).
-10
Let p(n) = -31*n + 213. Determine p(7).
-4
Let t(h) = -3*h**3 + 120*h**2 - 140*h + 910. Give t(39).
13
Let v(x) = -127*x + 5856. What is v(46)?
14
Let r(q) = -3*q**2 + 240*q + 308. Calculate r(81).
65
Let b(x) = -2*x**3 - 50*x**2 - 116*x - 47. Calculate b(-22).
-399
Let m(k) = -2*k**3 - 12*k**2 + 14*k - 17. What is m(-7)?
-17
Let r(w) = 676*w - 45302. Determine r(67).
-10
Let v(w) = 3*w**2 + 356*w - 1098. What is v(3)?
-3
Let s(t) = -t**2 - 9*t - 13. Determine s(5).
-83
Let x(d) = -2*d**2 + 80*d - 86. Give x(33).
376
Let u(p) = -496*p + 4454. Determine u(9).
-10
Let s(i) = -i**3 + 38*i**2 + 80*i - 14. Calculate s(40).
-14
Let l(w) = 24*w - 2003. What is l(83)?
-11
Let l(q) = -2*q**2 - 205*q - 5104. Calculate l(-56).
104
Let a(p) = -11*p**2 - 11*p - 28. Give a(-2).
-50
Let f(p) = 3*p**2 - 35*p - 134. Give f(13).
-82
Let m(a) = -a**2 - 38*a - 27. Calculate m(0).
-27
Let g(j) = -j**3 + 64*j**2 + 197*j + 11. Give g(-3).
23
Let c(i) = 213*i**2 - 92*i + 94. Give c(1).
215
Let a(m) = -m**2 - 75*m - 1283. What is a(-26)?
-9
Let u(s) = -s**3 - 50*s**2 + 277*s + 113. Give u(-55).
3
Let y(o) = -18*o - 745. What is y(-45)?
65
Let i(o) = -o**3 + 23*o**2 - 53*o - 28. Give i(20).
112
Let b(o) = -o**2 - 18*o + 30. Calculate b(11).
-289
Let i(m) = 4*m**2 - 26*m - 20. What is i(5)?
-50
Let p(w) = -362*w - 2170. Calculate p(-6).
2
Let a(n) = -38*n + 1219. What is a(33)?
-35
Let h(n) = -2*n**2 - 4*n + 19. Give h(-3).
13
Let q(s) = -23*s**3 - s**2 + 23*s - 23. Determine q(1).
-24
Let q(g) = -70*g - 536. Calculate q(-21).
934
Let n(y) = -905*y - 2750. Give n(-3).
-35
Let o(v) = 10*v**3 + 13*v**2 + 9*v + 5. Calculate o(-5).
-965
Let b(t) = t**3 + 24*t**2 - 76*t + 137. Give b(-27).
2
Let h(v) = v**2 - 3454*v + 163483. Determine h(48).
-5
Let j(y) = 2*y**2 + 3*y - 26. Determine j(-14).
324
Let s(x) = -336*x - 646. Determine s(-2).
26
Let c(b) = -10*b**2 - 88*b - 49. What is c(-8)?
15
Let k(o) = 12*o - 26. Give k(3).
10
Let j(s) = s**3 + 18*s**2 + 17*s + 339. Give j(-18).
33
Let q(h) = -395*h + 6. Determine q(0).
6
Let r(d) = -81*d - 427. Determine r(2).
-589
Let y(s) = -2*s**2 + 113*s + 206. Determine y(55).
371
Let t(s) = 2*s**3 + 35*s**2 + 83*s + 8. Calculate t(-14).
218
Let p(i) = -i**2 - 47*i + 396. Give p(-54).
18
Let z(c) = -c**3 + 20*c**2 + 43*c - 36. Determine z(21).
426
Let y(u) = -3*u**2 - 27*u - 43. What is y(-16)?
-379
Let v(t) = t**3 - 9*t**2 - 2*t - 74. What is v(10)?
6
Let y(d) = 6*d**2 - 35*d + 12. Determine y(-4).
248
Let f(p) = 3*p**2 - 30*p - 82. What is f(15)?
143
Let a(l) = l**2 - 1213*l - 38546. Calculate a(-31).
18
Let q(x) = -3*x**2 - 34*x + 132. Determine q(-15).
-33
Let v(u) = -41*u**3 + 20*u**2 - 27*u - 16. What is v(2)?
-318
Let f(z) = 121*z + 1102. Determine f(-10).
-108
Let f(v) = 2*v**3 - 7*v - 4. Determine f(4).
96
Let i(l) = -538*l - 12395. Calculate i(-23).
-21
Let l(a) = -a**3 - 5*a**2 + 87*a + 2. Determine l(-13).
223
Let d(k) = k**3 - 16*k**2 - 39*k - 6. What is d(17)?
-380
Let r(s) = 351*s + 27381. Give r(-78).
3
Let b(u) = 8*u - 522. Determine b(35).
-242
Let g(u) = 12*u**2 - 11*u + 5. Give g(4).
153
Let u(s) = 18*s**2 - 17*s + 12. Give u(1).
13
Let g(i) = 25*i**3 + 63*i**2 + 62*i. Calculate g(-1).
-24
Let j(f) = -f**3 + 3*f**2 + 26*f + 9. Calculate j(5).
89
Let h(p) = 4*p**3 - 56*p**2 + 3*p - 40. Calculate h(14).
2
Let c(p) = -1005*p + 153770. What is c(153)?
5
Let v(i) = -6*i**2 + 9*i + 121. What is v(-4)?
-11
Let r(a) = -a**3 + 33*a**2 - 46*a + 136. Give r(32).
-312
Let a(o) = -o**3 - 2*o**2 - 9*o - 85. Give a(-6).
113
Let i(w) = -w**2 - 53*w - 540. What is i(-41)?
-48
Let y(f) = 4*f + 33. Calculate y(-3).
21
Let b(q) = 4*q**2 - 35*q + 2. What is b(6)?
-64
Let h(o) = 19*o**2 - 314*o - 500. Give h(18).
4
Let g(s) = 119*s + 11. Give g(-2).
-227
Let y(o) = -243*o + 16028. Calculate y(66).
-10
Let c(a) = -23*a + 297. What is c(13)?
-2
Let n(h) = -54*h - 1179. Give n(-21).
-45
Let s(k) = 13*k + 588. Determine s(-41).
55
Let q(z) = -z**3 + 15*z**2 + 20*z + 8. Give q(17).
-230
Let d(p) = p**3 - 209*p**2 + 2368*p - 793. Give d(197).
-5
Let t(w) = w**3 - 8*w**2 + 3*w - 25. Give t(9).
83
Let m(a) = a**3 + 2*a**2 - 10*a + 20. Give m(3).
35
Let n(x) = 2*x**3 + 17*x**2 - 66*x - 133. Give n(-11).
-12
Let b(q) = 2*q**3 + 2*q**2 + 4*q - 8. Calculate b(-5).
-228
Let y(i) = 37542*i + 225248. Give y(-6).
-4
Let n(p) = 8*p**2 - 124*p + 4. Determine n(16).
68
Let s(w) = 3*w**2 - 346*w + 110. Give s(115).
-5
Let r(b) = b**2 + 90*b - 7174. Calculate r(51).
17
Let r(w) = -350*w + 39868. What is r(114)?
-32
Let v(r) = 331*r**2 - 26*r + 19. Calculate v(1).
324
Let i(b) = b**3 - 2*b**2 + 38. Give i(0).
38
Let m(q) = 3*q**3 + 5*q**2 + 2*q + 26. Give m(-3).
-16
Let f(s) = 3*s**3 - 28*s**2 - 217*s + 1923. What is f(9)?
-111
Let q(x) = -2*x**2 + 422*x + 82. Determine q(0).
82
Let z(q) = -30*q + 972. Give z(27).
162
Let a(d) = 582*d + 9287. Give a(-16).
-25
Let y(i) = 86*i**3 + 1203*i**2 - 14*i - 7. Calculate y(-14).
-7
Let n(t) = -t**3 - 74*t**2 - 1363*t + 91. What is n(-39)?
13
Let h(v) = 3*v**3 + 50*v**2 - 151*v - 2281. Determine h(-17).
-3
Let o(j) = -44*j + 15. What is o(3)?
-117
Let m(g) = g**2 + 4*g - 9. Determine m(-6).
3
Let v(b) = b**3 - 5*b**2 - 28*b + 62. Calculate v(10).
282
Let h(l) = -16*l - 883. Give h(-66).
173
Let c(t) = 143*t + 9722. Give c(-68).
-2
Let f(k) = -k**3 - 17*k**2 + 195*k + 12. Give f(8).
-28
Let a(w) = 3*w**3 + 3*w**2 - 13*w + 9. What is a(2)?
19
Let a(d) = 55*d**2 + 65*d - 14. What is a(-2)?
76
Let y(q) = -q**2 - 75*q + 14104. Give y(87).
10
Let r(g) = -g**3 - 63*g**2 + 132*g + 155. Calculate r(-65).
25
Let u(p) = 669*p - 7449. Give u(11).
-90
Let p(o) = -o**2 + 115*o - 113. What is p(0)?
-113
Let q(m) = 5*m**3 + 73*m**2 - 32*m - 34. What is q(-15)?
-4
Let b(s) = -2*s**3 + 16*s**2 - 19*s + 15. Calculate b(7).
-20
Let p(c) = c**2 + 19*c + 44. Determine p(-17).
10
Let i(f) = 13*f - 117. Give i(17).
104
Let i(s) = 201*s - 16. What is i(3)?
587
Let k(s) = 32*s**2 - 3844*s + 465. Give k(120).
-15
Let s(u) = -281*u - 18832. Determine s(-67).
-5
Let m(d) = -41*d**2 - 171*d + 1. What is m(-4)?
29
Let b(q) = 18*q**3 - 71*q**2 - 11*q + 33. What is b(4)?
5
Let o(m) = 23*m**2 - 605*m - 429. Calculate o(27).
3
Let t(j) = -j**3 + 4*j + 4. Give t(3).
-11
Let r(m) = 2*m**3 - m**2 - 3*m - 1. Determine r(-5).
-261
Let z(y) = -y**3 + 26*y**2 + 273*y - 51. Calculate z(34).
-17
Let h(q) = -201*q + 143. Calculate h(-2).
545
Let f(h) = 7*h + 711. What is f(-97)?
32
Let h(v) = 20*v**2 - 380*v + 8. Calculate h(19).
8
Let r(q) = 2*q**3 - 44*q**2 + 207*q + 31. Calculate r(7).
10
Let p(j) = -22*j**2 - 439*j + 25. Determine p(-20).
5
Let l(b) = 11*b + 164. What is l(-18)?
-34
Let a(v) = -13*v**2 - 9*v + 11. Calculate a(-4).
-161
Let h(y) = 8*y - 7. What is h(-9)?
-79
Let n(r) = r**3 - 10*r**2 + 2*r - 71. Give n(0).
-71
Let j(g) = -g**2 - 30*g + 167. What is j(-36)?
-49
Let g(f) = -66*f**2 + 335*f. What is g(5)?
25
Let f(g) = -g**2 + 275*g - 2582. Calculate f(10).
68
Let s(m) = -m**3 + 10*m**2 + 5*m - 152. Calculate s(8).
16
Let n(i) = 11*i - 702. Calculate n(64).
2
Let z(m) = 40*m**3 + 2*m**2 - 12*m + 10. Give z(1).
40
Let j(s) = -16420*s - 49260. Calculate j(-3).
0
Let x(p) = -4*p**2 + p + 113. Give x(6).
-25
Let y(b) = -b**3 - 24*b**2 - 97*b - 57. Determine y(-19).
-19
Let o(i) = -72*i**2 + 1. What is o(-1)?
-71
Let t(h) = h**2 - 14*h - 140. What is t(23)?
67
Let o(w) = -6125*w - 18379. What is o(-3)?
-4
Let u(s) = -s**2 + 44*s - 206. Give u(5).
-11
Let m(x) = x**2 - 222*x + 1724. What is m(8)?
12
Let p(x) = -141*x - 430. Give p(-3).
-7
Let f(r) = -177*r + 528. Calculate f(3).
-3
Let x(t) = t**3 - 65*t**2 + 57*t + 447. Calculate x(64).
-1
Let v(t) = 7*t**2 - 31*t + 166. Determine v(11).
672
Let h(y) = 5*y**2 + 20*y - 4. Calculate h(-7).
101
Let l(p) = -14*p**2 + 14*p - 14. Give l(1).
-14
Let g(q) = -8*q**2 + 1370*q - 3021. Give g(169).
21
Let t(h) = -1055*h + 12656. Calculate t(12).
-4
Let h(f) = 2*f**3 + 10*f**2 - 15*f + 13. What is h(-5)?
88
Let i(x) = 130*x - 150. What is i(-4)?
-67